7
Suppose -5*y + 3 = -12. Suppose 3*u = -y*w + 33, -8*w = -3*w - u - 49. What is the units digit of w?
0
Let i(x) be the first derivative of x**3/3 - 3*x**2/2 - 2*x - 8. What is the units digit of i(-2)?
8
Let n(h) = h**3 - 12*h**2 + 4*h + 1. What is the tens digit of n(12)?
4
Suppose 0 = -0*n - 3*n + 4*h + 81, 0 = 4*n - 5*h - 108. What is the tens digit of n?
2
Let r(m) = -6*m - 3. Let s be (-6)/(-33) - (-35)/(-11). What is the tens digit of r(s)?
1
Let h = 224 - 45. What is the hundreds digit of h?
1
Let p = 7 + -4. Suppose q - 2 = z, 4*z - 1 = -p*q + 26. What is the units digit of ((z - 4) + 2)*14?
4
Let w(v) = 3*v + 6. What is the units digit of w(3)?
5
Suppose 2*k + 5*i = 6*k - 22, 3*k = -4*i + 1. Suppose -4*b + 0*c - k*c = 63, -c = b + 15. What is the units digit of (8/6)/((-4)/b)?
6
Suppose 3*g - 8*g = -195. Let c be g/4 - (-3)/12. Suppose -5*o + c = -30. What is the units digit of o?
8
What is the tens digit of (-3 - (-102)/18)*(-75)/(-2)?
0
Let d = -122 + 186. What is the tens digit of d?
6
Let j = -16 + 22. Suppose j*s - s = 25. Suppose 2*k = -5*l + 32, 0*k - s*k = -5*l + 25. What is the units digit of l?
6
Suppose -5*j + 90 = -2*j. Suppose -2*b + 5*v + j = 0, -b + 16 = 4*v - 7*v. What is the tens digit of b?
1
Let b(h) = -2*h - 4*h + 2 + 3*h. Let i be b(4). Let n = i + 19. What is the units digit of n?
9
Suppose 5*q = -5*g + 55, -4*g + 43 = -g + 5*q. Suppose c = 3*n - n + 4, 0 = 2*c + 4. Let z = g - n. What is the units digit of z?
9
Let c(a) = -a**3 + 3*a + 0*a - 4*a + 4 - 6*a**2. Let j be c(-6). What is the units digit of (14 + 6)*4/j?
8
Let o = -8 - -13. Suppose -o*m - 17 = -182. What is the tens digit of m?
3
Suppose 4 + 28 = 4*j. Let r be ((-4)/2)/(-4)*j. Suppose w - x = -r*w + 46, -2*w = 2*x - 16. What is the units digit of w?
9
Let t(m) be the third derivative of 11*m**4/24 - m**3/6 + 2*m**2. What is the tens digit of t(1)?
1
Let z(a) = 2*a**2 + 2*a - 4. Suppose 0 = -k + 3 + 1. Let w be ((-6)/k)/((-1)/(-2)). What is the units digit of z(w)?
8
Suppose -1 = y - 6. Suppose -y*d - 10 = -70. What is the units digit of (d/(-8))/((-1)/2)?
3
Let z(j) = -j**3 - 9*j**2 + 10*j + 10. Let u be 23/6 + 2/12. Let p be u/6 - (-32)/(-3). What is the units digit of z(p)?
0
Let u be (2 + (-5)/2)*2. Let l(n) = -4*n**3 + n**2 - n - 1. Let x be l(u). Suppose 0 = 3*z + 3*g - 39 - 9, -z = -x*g - 40. What is the units digit of z?
0
Suppose -3*y + 15 = -2*y. Suppose -5*t + y = -2*t. What is the units digit of t?
5
Let c(h) = -h + 25. Let x be c(11). What is the units digit of (-236)/(-7) - (-4)/x?
4
Suppose -m = -4*m - 30. Let j = -20 - m. Let v = j - -17. What is the units digit of v?
7
Let w = 6 + -6. Suppose w = o + o - 32. What is the units digit of o?
6
Let c be 3*(-2)/(-3) - -3. Suppose -7 + 2 = -c*j. What is the units digit of j?
1
Let o(r) = 3*r**2 - 12*r - 24. What is the units digit of o(-7)?
7
Let p(y) = y**2 + 3*y - 2. Let j be p(2). Let g(z) be the third derivative of z**5/60 - 7*z**4/24 - z**3 - 4*z**2. What is the units digit of g(j)?
2
Suppose j - 2*q - 9 - 4 = 0, 0 = 5*q. Suppose -3*m = 4*p - j, 2*p + 2 = 4*p. Suppose m*d = 7 + 23. What is the units digit of d?
0
Let k = 223 - 210. What is the tens digit of k?
1
Let r(g) = -13*g**3 - 5*g**2 - g - 1. What is the tens digit of r(-2)?
8
Suppose -3*z - 2*z = -2*q - 1820, 2*z = 3*q + 728. What is the hundreds digit of z?
3
Suppose 0 = -5*y + 22 + 38. Let n be 2 - (-22*y)/(-2). What is the units digit of (-6)/21 - n/14?
9
Suppose 25 = 4*j + j. Let r(v) = -v**3 - 7*v**2 - 6*v - 3. Let i be r(-6). Let n = j + i. What is the units digit of n?
2
Let g = 0 - -1. Let x be ((-10)/15)/(g/(-3)). Suppose -x*m + 10 = -m. What is the tens digit of m?
1
Let w = -42 + 79. Let y = w - 15. What is the units digit of y?
2
Let b = 2 - 0. Suppose b*y = 3*f + 12, -2*f = 4*y - f - 52. What is the units digit of y?
2
Let x(p) = p**2 - 3*p - 9. What is the tens digit of x(8)?
3
Let o(l) = -l**3 + l + 3. Let r be o(-3). Suppose 3*y - 32 = -4*n - y, -n = 5*y - 24. Suppose 0 = u - n*u + r. What is the units digit of u?
9
Let v = 88 + -52. Let f be 2/(-5) - v/(-15). What is the units digit of 4*-1*(f + -3)?
4
Suppose -2*y + 0*y = -24. What is the tens digit of y?
1
Let o(b) be the second derivative of -b**4/12 - b**3 - 5*b**2/2 - 2*b. Let i be o(-5). Suppose 4*r - 28 = -i*r. What is the units digit of r?
7
Suppose -3*d + 41 = -2*d + f, 0 = 2*f - 10. Let g be 55/(-22)*(-124)/(-1). What is the units digit of (-8)/d + g/(-18)?
7
Let y = 116 + -50. What is the units digit of y?
6
Let r(v) = 3*v**3 + 2*v**2 + 2*v - 3. Let z = -16 + 18. What is the tens digit of r(z)?
3
Suppose -3*p = b - 10, -b = 3*b + 2*p. What is the units digit of (b + -5)*(-3)/3?
7
Suppose -4*m = -2*r + 12, -2*m - 2*r - r = -10. Let t(g) = -g**3 - 3*g**2 + 6*g + 2. Let q be t(-4). What is the units digit of -2 + 0 - q - m?
5
Suppose 4*y = 5*y - 44. What is the tens digit of y?
4
Let f(p) = -p**3 - 8*p**2 - 9*p - 10. Let o = 12 + -19. Let q be f(o). Suppose 5*g = -b + 17, -2*g - q = b + 3*b. What is the units digit of g?
4
Let p be 6/(-9) - (-4)/6. Let t = 11 + 37. Suppose -3*m - 12 + t = p. What is the tens digit of m?
1
Suppose 0 = -3*h - 1 - 5. What is the tens digit of (66/9)/(h/(-6))?
2
Suppose 1 = -c + 5. Let d(k) be the third derivative of k**6/120 - k**5/20 - k**4/6 + k**3/2 + k**2. What is the units digit of d(c)?
3
What is the tens digit of 1/(-5) - (-992)/10?
9
Suppose -20 = 5*v - 5. Let l be (-8)/(-6) - 6/(-9). What is the units digit of (1 + -9)/(l/v)?
2
Let h = 25 + -12. Suppose -h = -j + 3*m, 0*m = 2*j - 2*m - 14. What is the units digit of j/(-8)*(-3 - -1)?
1
Let n(f) = 2*f + 92. What is the tens digit of n(0)?
9
Let h = 1 - 2. What is the units digit of (-2 - -3)/h - -21?
0
Suppose -5*h - 2 = 2*j - 0, -h + 5 = -5*j. Suppose -f + 6*f + 50 = h. Let m = -7 - f. What is the units digit of m?
3
Let p be (8/(-1 + 0))/(-1). Suppose 2*y = 6*y - p. Suppose -y*v = -3 + 1. What is the units digit of v?
1
Let o be ((-4)/(-8))/((-2)/(-12)). Suppose o*h + 9 = 39. What is the units digit of h?
0
What is the tens digit of (-255)/(-2)*8/12?
8
Suppose 2*f - 482 = -4*s, -5*f = s - 3*s - 1217. What is the units digit of f?
3
Let i(z) = 15*z**2 + z - 1. Let x be i(3). Suppose -2*v - v = -3*j + 183, 5*v = 2*j - x. Suppose 0 = -6*h + 2*h + j. What is the tens digit of h?
1
Let j(t) = -t**2 + 5*t - 1. Suppose -2*z - 7 - 9 = 0. Let a = 11 + z. What is the units digit of j(a)?
5
Suppose -4*t - b = -323, -2*b = 4*t - 6*b - 348. What is the tens digit of t?
8
Let d = 7 - 7. Suppose d = 5*b - b - 48. What is the units digit of b?
2
What is the units digit of (-28)/(-35)*590/4?
8
Let j(i) = -i**3 + 16*i**2 - 10*i - 13. What is the units digit of j(15)?
2
Let n be (-2)/(-8) - (-15)/4. Suppose 16 = 2*m - n*y, -4*m = 2*y + 2*y - 20. What is the units digit of m?
6
Suppose -33 = -j - 2*h, 0*h + 4*h + 151 = 5*j. What is the units digit of j?
1
Suppose 0 = 2*l - 5*s + s - 18, -5*l + 2*s + 69 = 0. Suppose 2*v = 4*v + 5*i + 42, -2*v + 5*i - 2 = 0. Let o = l + v. What is the units digit of o?
4
Let r be (-1518)/(-27) - 2/9. Suppose -5*v - u + 44 = -20, -u - r = -5*v. What is the units digit of v?
2
Let d(r) = -r**2 + 4*r - 3. Let u be 4/16 - (-14)/8. What is the units digit of d(u)?
1
Let t(j) = j + 5. Let m be t(-8). What is the units digit of (-2)/(2/m)*1?
3
Suppose 4*t = -4*k + 20, -2*t - 3*k + 6 + 6 = 0. Let l = 0 + 6. What is the units digit of 14/t + (-4)/l?
4
Let a(v) = v**3 - 2*v**2 - 3*v + 3. Let x be a(2). What is the units digit of x/9 + 124/12?
0
Suppose 4*p + 0*p = 0. Suppose -4*s + 13 = 2*w - 3, -w + 4*s + 8 = p. What is the units digit of w?
8
Let b(a) = a**3 + 9*a**2 + 9*a + 4. Let j be b(-8). Let v(f) = -6*f - 4. Let w be v(j). Let x = w + -11. What is the units digit of x?
9
Suppose -2*k - 3*r = 3*k - 581, 3*k - 348 = -2*r. What is the tens digit of k?
1
Let y(m) = m**3 - 5*m**2 + 7. Suppose -3*p - 4*h + 19 = 0, 5*h - 20 = -5*p + 2*p. Suppose v - 4*n = -0 - 15, v = -p*n + 30. What is the units digit of y(v)?
7
Let s = -122 + 236. What is the hundreds digit of s?
1
Let i = -101 + 160. What is the units digit of i?
9
Let b be (-9)/6*1*2. Let p = b - 0. Let r(s) = -s**3 - 3*s**2 - 3*s. What is the units digit of r(p)?
9
Let p = -67 - -92. What is the unit